3184037.
3, 11, 43, 547, 3109
What are the prime factors of 402781473?
3, 43, 1040779
List the prime factors of 80355019.
80355019
What are the prime factors of 50664341?
7, 13, 113, 379
What are the prime factors of 3092699755?
5, 17, 419, 86837
List the prime factors of 394714500.
2, 3, 5, 17, 23, 673
List the prime factors of 24229092.
2, 3, 101, 19991
What are the prime factors of 560566202?
2, 7, 4729, 8467
What are the prime factors of 5163796?
2, 11, 47, 227
List the prime factors of 1196562823.
29, 41260787
List the prime factors of 43276348.
2, 2131, 5077
List the prime factors of 337366204.
2, 7, 19, 41, 15467
List the prime factors of 270893553.
3, 7, 29, 444817
List the prime factors of 89658101.
13, 103, 66959
What are the prime factors of 6926854828?
2, 127, 13635541
What are the prime factors of 318175395?
3, 5, 37, 573289
What are the prime factors of 106892520?
2, 3, 5, 7, 53
List the prime factors of 1699676441.
347, 4898203
What are the prime factors of 2031165953?
41, 49540633
List the prime factors of 210037816.
2, 2971, 8837
List the prime factors of 63261834.
2, 3, 349, 30211
List the prime factors of 2795949532.
2, 698987383
List the prime factors of 6240680087.
277, 461, 48871
List the prime factors of 2125246426.
2, 503, 2112571
List the prime factors of 279169816.
2, 34896227
What are the prime factors of 1351430120?
2, 5, 31, 1089863
What are the prime factors of 11606510?
2, 5, 227, 5113
List the prime factors of 1333098135.
3, 5, 53, 186317
List the prime factors of 98675752.
2, 7, 17, 103651
What are the prime factors of 271944302?
2, 7, 19, 37, 27631
What are the prime factors of 13607728?
2, 29, 29327
List the prime factors of 133572538.
2, 11, 6071479
What are the prime factors of 429468303?
3, 11, 13014191
List the prime factors of 24592314.
2, 3, 4098719
List the prime factors of 415044245.
5, 7, 11, 263, 4099
What are the prime factors of 41277037?
17, 41, 59221
List the prime factors of 3428133082.
2, 11, 41, 3800591
What are the prime factors of 101379531?
3, 11, 3072107
List the prime factors of 97878439.
31, 41, 53, 1453
What are the prime factors of 41788693?
41788693
List the prime factors of 160318213.
11, 71, 233, 881
List the prime factors of 79265708.
2, 197, 100591
List the prime factors of 847425195.
3, 5, 18831671
List the prime factors of 266823840.
2, 3, 5, 17, 19, 1721
What are the prime factors of 67441305?
3, 5, 491, 9157
List the prime factors of 72683802.
2, 3, 29, 139241
What are the prime factors of 85607883?
3, 43, 221209
List the prime factors of 96884180.
2, 5, 1009, 4801
List the prime factors of 2636558025.
3, 5, 37, 950111
What are the prime factors of 5215589243?
19, 61, 79, 56963
List the prime factors of 203025835.
5, 4639, 8753
List the prime factors of 6238386.
2, 3, 7, 11, 643
List the prime factors of 17920860.
2, 3, 5, 298681
What are the prime factors of 18873434?
2, 17, 32653
List the prime factors of 275802320.
2, 5, 211, 16339
List the prime factors of 3019183054.
2, 37, 53, 769807
List the prime factors of 2482992740.
2, 5, 31, 167, 23981
What are the prime factors of 1037474900?
2, 5, 7, 11, 67, 2011
List the prime factors of 1040382352.
2, 1619, 40163
List the prime factors of 5429081.
7, 23, 33721
What are the prime factors of 295856043?
3, 7, 14088383
What are the prime factors of 2977056257?
7, 4861, 87491
What are the prime factors of 88048345?
5, 7, 11, 37, 883
What are the prime factors of 36259925?
5, 13, 31, 59, 61
What are the prime factors of 318383737?
7, 41, 1109351
What are the prime factors of 494048836?
2, 149, 828941
What are the prime factors of 8621899102?
2, 41, 2243, 46877
What are the prime factors of 1013076967?
7, 144725281
List the prime factors of 895134368.
2, 27972949
What are the prime factors of 272522455?
5, 137, 461, 863
What are the prime factors of 245428986?
2, 3, 11, 61, 60961
List the prime factors of 67382794.
2, 33691397
What are the prime factors of 2738681?
11, 248971
What are the prime factors of 167584893?
3, 7, 241, 33113
What are the prime factors of 48818588?
2, 7, 13, 43, 3119
List the prime factors of 3300865.
5, 509, 1297
What are the prime factors of 156748561?
79, 1984159
List the prime factors of 4317069.
3, 1439023
List the prime factors of 804776159.
11, 37, 47, 42071
What are the prime factors of 32042739?
3, 17, 628289
List the prime factors of 390893834.
2, 7001, 27917
What are the prime factors of 330960212?
2, 11, 7521823
List the prime factors of 40035247.
7, 67, 85363
List the prime factors of 786123271.
19, 29, 131, 10891
List the prime factors of 213873650.
2, 5, 31, 137983
What are the prime factors of 37464125?
5, 23, 83, 157
List the prime factors of 1039762149.
3, 1753, 197711
What are the prime factors of 1316574064?
2, 13, 6329683
What are the prime factors of 158538620?
2, 5, 433, 18307
List the prime factors of 922025451.
3, 4127, 74471
List the prime factors of 3139138655.
5, 17, 821, 44983
List the prime factors of 758264412.
2, 3, 63188701
What are the prime factors of 24160254?
2, 3, 79, 50971
List the prime factors of 415835701.
67, 6206503
What are the prime factors of 251649213?
3, 1693, 49547
List the prime factors of 122221212.
2, 3, 37, 151, 1823
What are the prime factors of 2335363166?
2, 47, 239, 103951
List the prime factors of 7060765824.
2, 3, 7, 875591
List the prime factors of 79982225.
5, 173, 18493
List the prime factors of 641935425.
3, 5, 19, 450481
What are the prime factors of 63149392?
2, 3946837
List the prime factors of 104684787.
3, 11631643
List the prime factors of 50707366.
2, 449, 56467
List the prime factors of 192970352.
2, 83, 331, 439
List the prime factors of 11051592.
2, 3, 23, 20021
List the prime factors of 1971996949.
13, 1237, 9433
List the prime factors of 103239569.
3943, 26183
What are the prime factors of 834744918?
2, 3, 7, 1237, 16067
List the prime factors of 65685772.
2, 41, 400523
What are the prime factors of 7176942?
2, 3, 53, 7523
List the prime factors of 286965849.
3, 131, 191, 3823
List the prime factors of 3468370451.
7, 13, 38113961
List the prime factors of 36751863.
3, 12250621
List the prime factors of 31609798.
2, 11, 130619
What are the prime factors of 78986367?
3, 47, 67, 929
What are the prime factors of 357470379?
3, 7, 5674133
List the prime factors of 905133583.
905133583
What are the prime factors of 108482498?
2, 4421, 12269
List the prime factors of 93168235.
5, 1231, 15137
List the prime factors of 130411400.
2, 5, 7, 93151
What are the prime factors of 203079474?
2, 3, 13, 32143
What are the prime factors of 225972162?
2, 3, 13, 229, 4217
List the prime factors of 46934446.
2, 13, 19, 95009
What are the prime factors of 441975227?
441975227
List the prime factors of 55535795.
5, 7, 1586737
List the prime factors of 142910119.
11, 1721, 7549
What are the prime factors of 3056538298?
2, 11, 43, 193, 16741
What are the prime factors of 94395127?
94395127
What are the prime factors of 13354452?
2, 3, 17, 21821
What are the prime factors of 1887636?
2, 3, 157303
List the prime factors of 3926955493.
3926955493
What are the prime factors of 7329351550?
2, 5, 47, 66359
What are the prime factors of 247713071?
97, 701, 3643
What are the prime factors of 36386016?
2, 3, 269, 1409
List the prime factors of 16033689.
3, 7, 307, 829
List the prime factors of 1785008767.
631, 2828857
List the prime factors of 3493732.
2, 11, 271, 293
List the prime factors of 1575658857.
3, 525219619
What are the prime factors of 284195792?
2, 17762237
What are the prime factors of 846026722?
2, 423013361
List the prime factors of 1930453854.
2, 3, 7, 227, 202481
List the prime factors of 101989983.
3, 33996661
List the prime factors of 3027650844.
2, 3, 59, 1567, 2729
What are the prime factors of 2115334215?
3, 5, 37, 1270471
What are the prime factors of 141267995?
5, 11, 2568509
What are the prime factors of 53401752?
2, 3, 741691
List the prime factors of 199788376.
2, 53, 223, 2113
What are the prime factors of 306173080?
2, 5, 137, 55871
What are the prime factors of 16732278?
2, 3, 309857
What are the prime factors of 249910765?
5, 13, 37, 103913
What are the prime factors of 530270726?
2, 265135363
What are the prime factors of 557380737?